{"id":70,"date":"2016-03-11T12:32:44","date_gmt":"2016-03-11T11:32:44","guid":{"rendered":"http:\/\/www.aufkleber-druck-profi.de\/?page_id=70"},"modified":"2017-10-02T09:51:55","modified_gmt":"2017-10-02T07:51:55","slug":"formate","status":"publish","type":"page","link":"http:\/\/endlosdruck-profi.de\/?page_id=70","title":{"rendered":"Formate"},"content":{"rendered":"<p>Bereits in der Einleitung sind die im Endlosdruck verwendeten Formate zur Sprache gekommen. Da Nadeldrucker mit den verwendeten Fu\u0308hrungsschienen letztlich die Formate vorgeben, die zur Anwendung kommen, haben sich bereits in den Anfangsjahren der Herstellung von Nadeldruckern Papierbreiten von 240 und 330 mm durchgesetzt.<\/p>\n<p>Hier k\u00f6nnen dann die vollen Papiergr\u00f6\u00dfen von DIN A4 und DIN A3 zur Anwendung gelangen. Aber auch die Verwendung von ku\u0308rzeren Drucken ist m\u00f6glich, wenn beispielsweise ein A4-Format zweimal perforiert wird, um drei Nutzen aus dieser einen Seite zu erhalten. Das ist bei dem Format 240 mm x 4 Zoll der Fall, wenn nach 101 mm in der H\u00f6he das Papier eine Perforation erh\u00e4lt. Bei dem Format 240 mm x 6 Zoll erh\u00e4lt der Anwender 2 Nutzen, weil das A4-Blatt nach ca. 152 mm in der H\u00f6he getrennt wird.<\/p>\n<p>Fu\u0308r interne Anwendungen, zum Beispiel Lagerscheine, Lieferlisten, Kontoaufstellungen, Kurzmitteilungen, &#8230; werden diese Formate sehr h\u00e4ufig genutzt. Nachfolgend nochmals die \u00dcbersicht der Endlosdruck-Formate:<\/p>\n","protected":false},"excerpt":{"rendered":"<p>Bereits in der Einleitung sind die im Endlosdruck verwendeten Formate zur Sprache gekommen. Da Nadeldrucker mit den verwendeten Fu\u0308hrungsschienen letztlich<\/p>\n","protected":false},"author":1,"featured_media":0,"parent":0,"menu_order":0,"comment_status":"closed","ping_status":"closed","template":"","meta":{"footnotes":""},"_links":{"self":[{"href":"http:\/\/endlosdruck-profi.de\/index.php?rest_route=\/wp\/v2\/pages\/70"}],"collection":[{"href":"http:\/\/endlosdruck-profi.de\/index.php?rest_route=\/wp\/v2\/pages"}],"about":[{"href":"http:\/\/endlosdruck-profi.de\/index.php?rest_route=\/wp\/v2\/types\/page"}],"author":[{"embeddable":true,"href":"http:\/\/endlosdruck-profi.de\/index.php?rest_route=\/wp\/v2\/users\/1"}],"replies":[{"embeddable":true,"href":"http:\/\/endlosdruck-profi.de\/index.php?rest_route=%2Fwp%2Fv2%2Fcomments&post=70"}],"version-history":[{"count":3,"href":"http:\/\/endlosdruck-profi.de\/index.php?rest_route=\/wp\/v2\/pages\/70\/revisions"}],"predecessor-version":[{"id":299,"href":"http:\/\/endlosdruck-profi.de\/index.php?rest_route=\/wp\/v2\/pages\/70\/revisions\/299"}],"wp:attachment":[{"href":"http:\/\/endlosdruck-profi.de\/index.php?rest_route=%2Fwp%2Fv2%2Fmedia&parent=70"}],"curies":[{"name":"wp","href":"https:\/\/api.w.org\/{rel}","templated":true}]}}